et v be (-3 + -13 + 4)/(8/(-6)). Suppose 0 = -v*h + h + 312. What is the greatest common divisor of 39 and h?
39
Let r be 3/(-6)*(-46 - -2). Suppose -41*w + 1015 - 113 = 0. Calculate the highest common factor of w and r.
22
Suppose -h = -3*g + 96, -3*h - 63 = -g + 193. Suppose 115*y - 30*y - 10370 = 0. Let n = h + y. Calculate the highest common divisor of 190 and n.
38
Let c be (63 + -69)*1/(1*-2). Let d be 121/5 - 3/15. Calculate the highest common divisor of c and d.
3
Let r be (15 - 5) + 40/5. Calculate the greatest common divisor of r and 936.
18
Suppose 6*v = v + 1320. Suppose d = -4*i + 274, d + 2*i - v = 3*i. Calculate the greatest common factor of d and 38.
38
Suppose -40*q + 158 = -282. Let g(k) be the third derivative of k**4/6 - k**3/3 - k**2. Let o be g(6). What is the highest common factor of o and q?
11
Suppose -8*g = -3*g - 755. Suppose -215 = -4*u - g. Suppose 3*t = -5*j + 24, t - 4*j - 3 = 5. Calculate the greatest common divisor of u and t.
8
Suppose -5*d + 89 = -1. Let p be 528/54 + -10 + 148/d. What is the highest common factor of p and 28?
4
Let x be (-1776)/72 - -23 - (-3908)/12. Calculate the highest common divisor of 5616 and x.
108
Suppose 181*l = 189*l - 48. Let r be (54 - 1 - l) + -7. Calculate the highest common factor of 30 and r.
10
Let n(w) be the third derivative of w**4/12 - 16*w**3/3 + 2*w**2 + 184. Let f be n(22). Calculate the greatest common divisor of 192 and f.
12
Let t(h) = -4*h**3 + 12*h + 13. Let s be t(-4). Let b = -86 + s. Calculate the greatest common factor of 15 and b.
15
Let u = -166 + 168. Suppose 299 + 121 = u*h. Calculate the greatest common factor of h and 21.
21
Let c(l) = -70*l + 2920. Let o be c(39). What is the highest common factor of o and 2432?
38
Let j be 992/2 - 25/(725/116). What is the highest common factor of j and 6068?
164
Let g(l) = 1421*l - 463. Let u be g(4). What is the greatest common factor of 2497 and u?
227
Let i = -18 - 42. Let y be 1834/10 + (-36)/i + -4. Calculate the greatest common divisor of y and 108.
36
Let u(p) = -p**2 - 14*p + 57. Let j be u(-16). Let q be (24/(-18))/(-3 + j/9). What is the greatest common factor of 162 and q?
6
Suppose 5*n + 7*r = 5*r + 43, 4*n - 35 = -r. Let t be ((-8)/(-6))/(6/n). Let a be 21/(-56) - (652/(-32) + -2). Calculate the greatest common divisor of a and t.
2
Suppose -6*g + 8 = -4. Suppose 19 = 2*s - g*k - 155, -260 = -3*s + 4*k. Let q = 30 - 22. What is the highest common factor of s and q?
8
Let o be (-5)/((-105)/(-24)) - 2682700/(-973). What is the greatest common divisor of o and 208?
52
Let j(h) = 28*h - 119. Let y be j(10). What is the greatest common factor of 49 and y?
7
Let m = -159 - -158. Let z be ((-104)/(-12))/(3/(m + 28)). Calculate the greatest common divisor of z and 182.
26
Let g(a) = 21*a + 210. Let z(x) = 44*x + 420. Let j(p) = -13*g(p) + 6*z(p). Let h be j(-30). Calculate the highest common factor of h and 90.
30
Suppose 231*f - 232*f - 3 = 0, -2*g - 8*f = -546. Let p(j) = j**3 - 6*j**2 + 2*j + 3. Let u be p(6). What is the greatest common divisor of g and u?
15
Suppose 3*u - v = 26, -2*u + 13 = -v - 4*v. Suppose 5*h = -2*m + 13, -3*m + 4 = h - u. Suppose m + 28 = 4*b. Calculate the greatest common factor of 136 and b.
8
Let i(f) = -f**3 + 6*f**2 + f + 4. Let p be i(5). Let h = 11209 - 10529. Calculate the highest common divisor of h and p.
34
Suppose -2*t + 4*r + 104 = -0*t, -147 = -3*t + 3*r. Let l = t + -6. Let o(x) = 55*x + 210. Let p be o(-2). Calculate the highest common factor of p and l.
20
Let y(p) = 7*p + 40. Let x be y(-5). Suppose 2*a + 2*m + 112 = x*a, 2*m = 8. Let j = a + -29. Calculate the greatest common divisor of j and 22.
11
Suppose -54*a + 596 = -127 - 141. What is the highest common factor of a and 102?
2
Let a(s) = -22*s - 305. Let k be a(-14). Let q be (7 - 2)*6/6. Calculate the highest common factor of q and k.
1
Let r = 11514 - 11146. Calculate the highest common factor of 874 and r.
46
Let f be 4 + 10/8 + 1/(-4). Let m(g) = 3*g. Let u be m(f). Suppose 120 = 19*t - u*t. What is the highest common divisor of t and 10?
10
Let h be 186/((6/16)/((-30)/(-120))). What is the highest common factor of h and 155?
31
Suppose -5 = 4*n + 4*r - 25, -n + 4*r - 15 = 0. Let y be (-45)/(-30) - n/2. Let q = -4 + 7. Calculate the highest common factor of q and y.
1
Suppose 76*g - 5324 = -13*g + 5890. Calculate the highest common factor of 693 and g.
63
Let p be -4*(-4)/(-8)*-18. Let l = p + 34. What is the highest common factor of l and 28?
14
Suppose -8 = 3*r - 4*y - 108, 0 = 4*y - 20. Let g be ((-9)/26 + 8/(-52))*(17 + -65). Calculate the greatest common factor of g and r.
8
Let v = 16 - 7. Let p(b) = 2843*b + 2858. Let x be p(-1). What is the greatest common factor of v and x?
3
Let r be (3 + -9)*(-3)/((-9)/34). Let j = 70 + r. Suppose -8 = j*p, 2*p + 15 = -t - 3*p. What is the greatest common factor of 1 and t?
1
Let q(v) = v**3 + 2*v**2 + 3*v + 1. Let b be q(3). Let p be b*(1 - (0 - 3)). Let j = 68 + -48. What is the highest common divisor of j and p?
20
Suppose -5*y = -4*y - 1. Let d = 22 - y. Suppose -3*x - 119 + 93 = -5*u, -4*u + 4*x + 16 = 0. What is the greatest common divisor of u and d?
7
Suppose 3*m = -3*g + 267, -4*m - 263 = -3*g + 39. Let w(f) = 42*f - 76. Let k be w(13). Calculate the highest common factor of g and k.
94
Let m be ((-72)/(-21))/6 + (-80384)/(-448). Calculate the highest common factor of 2826 and m.
18
Let r = 68 + -66. Let p be (2 + -3)*(r - 3). Let y be 56/20 - p/(-5). What is the highest common divisor of y and 6?
3
Let t be 34/(((-15)/(-10))/3). Let b = 163 + -146. Calculate the greatest common divisor of b and t.
17
Let x be 84/3*(1 + 3/(-6)). Suppose -x*m = -17*m + 405. Let w = m + -23. What is the highest common factor of w and 28?
28
Let l(v) be the first derivative of -1/4*v**4 + 2*v**2 + 2*v - 19 + 4/3*v**3. Let o be l(-5). Calculate the greatest common factor of 23 and o.
23
Suppose -2404 = 3*n - 5*p, -5*n - p - 796 = -4*n. Let x = n + 832. Calculate the highest common divisor of 119 and x.
17
Suppose 2*x + 2*o = 12180, 5*x - 4*o = -2*o + 30408. What is the highest common factor of 36 and x?
36
Let j = -62 - -82. Suppose -6*y + j - 2 = 0. Suppose -270 = -3*w - y*w. What is the greatest common divisor of w and 9?
9
Suppose 5*p - 945 = 4*c, p = -21 + 26. Let x = c - -258. Let n = 103 - 33. Calculate the highest common divisor of x and n.
14
Let k be ((-22)/(-6) + 0)/(44/(4753 - 1)). Let o be (-110)/2*(-4)/5. Calculate the highest common factor of k and o.
44
Let m = 6 - 6. Suppose 3*a - 8 - 4 = m. Let y = 2008 - 2002. Calculate the highest common divisor of a and y.
2
Let l = -560 - -551. Let j(r) = r**3 + 12*r**2 + 12*r + 6. Let d be j(l). Calculate the greatest common divisor of 188 and d.
47
Let o(m) = -2*m**2 - 75*m + 104. Let r be o(-23). What is the greatest common divisor of r and 3?
3
Suppose 0*o - 4*f = -o + 14, 5*o = 5*f + 25. Suppose s = -0*s + 12. Suppose -a = -s + o. Calculate the highest common divisor of 4 and a.
2
Suppose -62*o + 2212 = -1237 - 23. What is the greatest common divisor of 88 and o?
8
Suppose f + f - 40 = -4*d, 0 = -5*f + 20. Let p = 1331 - 1361. Let l be (p/d - -4)*68. Calculate the highest common divisor of 68 and l.
17
Suppose -158*d + 144*d + 840 = 0. What is the highest common divisor of 1092 and d?
12
Let f be 1*59 - (-62197)/(-1681). Let o be (-5)/3*-2*3. Suppose -3*w = 2*w - o. What is the highest common factor of f and w?
2
Let v be (-10)/(-8) + (-24523)/(-548). Calculate the highest common factor of v and 1058.
46
Suppose 0 = 2*i + z - 310, i = -0*i + z + 152. Suppose -2*n = -7*n + 30. Suppose 60 = 3*t - n. What is the greatest common factor of i and t?
22
Let v = -1285 + 1313. Let z = 115 + -73. What is the greatest common divisor of z and v?
14
Let c(l) = 6*l**2 + 22*l. Let n be c(-5). Let k(r) = r + 20. Let s = -29 - -29. Let v be k(s). Calculate the highest common factor of v and n.
20
Suppose -210 = -3*w - 48. Let a be -21*(w/(-6) + 6). Calculate the highest common divisor of a and 168.
21
Suppose 7*u + 5*m = 2*u + 540, -2*u + 201 = -3*m. Suppose 10*r - 1770 - 540 = 0. Let l = r - 210. What is the highest common factor of l and u?
21
Suppose 1359 - 42 = 3*g - 3*a, 0 = -2*g - 2*a + 862. Let l = -295 + g. What is the g